{"id":12801,"date":"2022-12-21T11:48:20","date_gmt":"2022-12-21T11:48:20","guid":{"rendered":"https:\/\/mazzoleniart.com\/?post_type=elenco_fiere&#038;p=12801"},"modified":"2023-10-23T11:20:08","modified_gmt":"2023-10-23T11:20:08","slug":"mazzoleni-ad-art-dubai","status":"publish","type":"elenco_fiere","link":"https:\/\/staging-j.mazzoleniart.com\/it\/elenco_fiere\/mazzoleni-ad-art-dubai\/","title":{"rendered":"Mazzoleni ad Art Dubai"},"content":{"rendered":"<p>Mazzoleni \u00e8 lieta di annunciare la sua prima partecipazione ad <b>ART DUBAI<\/b> con un progetto interamente dedicato a <b>Marinella Senatore.<\/b><\/p>\n<p>Marinella Senatore \u00e8 <strong>una delle artiste italiane pi\u00f9 celebrate a livello internazionale<\/strong>, la cui pratica prende forma nella pluralit\u00e0 di ricerche e linguaggi artistici. Ha lavorato in <strong>23 Paesi<\/strong> diversi e le sue opere e &#8220;azioni collettive&#8221; sono esposte e commissionate da <strong>numerose istituzioni internazionali<\/strong>. L&#8217;uso distintivo dell&#8217;artista di immagini, processi e luci come strumenti di coesione sociale e poetica relazionale si ritrova in tutta la sua pratica, che trae origine dai momenti di <strong>partecipazione collettiva<\/strong> delle comunit\u00e0 all\u2019opera dell\u2019artista.<br \/>\nLe opere di Senatore <strong>invitano<\/strong> <strong>alla contemplazione e all&#8217;azione<\/strong> con citazioni tratte dall\u2019arte e dalla letteratura, oltre che da tradizioni popolari e impegno sociale, come ad esempio <strong><em>We Rise By Lifting Others<\/em><\/strong> \u2013 una delle sculture luminose in mostra \u2013 che suggerisce un senso di appartenenza individuale e collettiva, mettendo in primo piano un bisogno urgente di empowerment, emancipazione e comunit\u00e0. Le opere sono realizzate con luci al neon a LED e <strong><em>mercury-free<\/em><\/strong> su supporti di plastica riciclata; come attivista sociale, la sostenibilit\u00e0 \u00e8 fondamentale per Senatore, che negli ultimi anni si \u00e8 impegnata a <strong>ridurre l\u2019impronta ecologica<\/strong> della sua attivit\u00e0.<\/p>\n<p><strong>Art Dubai 1-5 Marzo 2023 | <b>Madinat Jumeirah Conference &amp; Events Centre<\/b><br \/>\nBooth F3<\/strong><\/p>\n<p><strong>Collectors Preview (solo su invito): 1-2 Marzo 2023<\/strong><br \/>\nGeneral Admission: 3-5 Marzo 2023<\/p>\n<p><strong><a href=\"https:\/\/www.artdubai.ae\/\">Info e Tickets<\/a><\/strong><\/p>\n","protected":false},"template":"","class_list":["post-12801","elenco_fiere","type-elenco_fiere","status-publish","hentry"],"acf":[],"_links":{"self":[{"href":"https:\/\/staging-j.mazzoleniart.com\/it\/wp-json\/wp\/v2\/elenco_fiere\/12801","targetHints":{"allow":["GET"]}}],"collection":[{"href":"https:\/\/staging-j.mazzoleniart.com\/it\/wp-json\/wp\/v2\/elenco_fiere"}],"about":[{"href":"https:\/\/staging-j.mazzoleniart.com\/it\/wp-json\/wp\/v2\/types\/elenco_fiere"}],"version-history":[{"count":0,"href":"https:\/\/staging-j.mazzoleniart.com\/it\/wp-json\/wp\/v2\/elenco_fiere\/12801\/revisions"}],"wp:attachment":[{"href":"https:\/\/staging-j.mazzoleniart.com\/it\/wp-json\/wp\/v2\/media?parent=12801"}],"curies":[{"name":"wp","href":"https:\/\/api.w.org\/{rel}","templated":true}]}}

<p>Mazzoleni è lieta di annunciare la sua prima partecipazione ad <b>ART DUBAI</b> con un progetto interamente dedicato a <b>Marinella Senatore.</b></p>
<p>Marinella Senatore è <strong>una delle artiste italiane più celebrate a livello internazionale</strong>, la cui pratica prende forma nella pluralità di ricerche e linguaggi artistici. Ha lavorato in <strong>23 Paesi</strong> diversi e le sue opere e &#8220;azioni collettive&#8221; sono esposte e commissionate da <strong>numerose istituzioni internazionali</strong>. L&#8217;uso distintivo dell&#8217;artista di immagini, processi e luci come strumenti di coesione sociale e poetica relazionale si ritrova in tutta la sua pratica, che trae origine dai momenti di <strong>partecipazione collettiva</strong> delle comunità all’opera dell’artista.<br />
Le opere di Senatore <strong>invitano</strong> <strong>alla contemplazione e all&#8217;azione</strong> con citazioni tratte dall’arte e dalla letteratura, oltre che da tradizioni popolari e impegno sociale, come ad esempio <strong><em>We Rise By Lifting Others</em></strong> – una delle sculture luminose in mostra – che suggerisce un senso di appartenenza individuale e collettiva, mettendo in primo piano un bisogno urgente di empowerment, emancipazione e comunità. Le opere sono realizzate con luci al neon a LED e <strong><em>mercury-free</em></strong> su supporti di plastica riciclata; come attivista sociale, la sostenibilità è fondamentale per Senatore, che negli ultimi anni si è impegnata a <strong>ridurre l’impronta ecologica</strong> della sua attività.</p>
<p><strong>Art Dubai 1-5 Marzo 2023 | <b>Madinat Jumeirah Conference &amp; Events Centre</b><br />
Booth F3</strong></p>
<p><strong>Collectors Preview (solo su invito): 1-2 Marzo 2023</strong><br />
General Admission: 3-5 Marzo 2023</p>
<p><strong><a href="https://www.artdubai.ae/">Info e Tickets</a></strong></p>
